{"id":1000,"date":"2017-12-28T15:02:10","date_gmt":"2017-12-28T15:02:10","guid":{"rendered":"http:\/\/bernhards-botanik.de\/?page_id=1000"},"modified":"2017-12-28T15:06:28","modified_gmt":"2017-12-28T15:06:28","slug":"alpine-pflanzen","status":"publish","type":"page","link":"https:\/\/bernhards-botanik.de\/?page_id=1000","title":{"rendered":"Alpine Pflanzen"},"content":{"rendered":"<p>Was w\u00e4ren die Alpen ohne ihren Blumenschmuck.<br \/>\nDie Bl\u00fctenf\u00fclle alpiner Matten, Bergwiesen und Felsfluren m\u00f6chte ich mit meinen Bildern dem Naturfreund n\u00e4her bringen.<br \/>\nFaszinierend ist auch die Farbenpracht und der \u00dcberlebenskampf dieser Pflanzen, die unsere Achtung verdienen.<\/p>\n<!-- index.php -->\n<div\n\tclass=\"ngg-galleryoverview ngg-ajax-pagination-none\"\n\tid=\"ngg-gallery-c9de1ea65774fe78ac7db73d43eb983c-1\">\n\n    \t<div class=\"slideshowlink\">\n        <a href='https:\/\/bernhards-botanik.de\/index.php\/nggallery\/slideshow?page_id=1000'>[Zeige eine Slideshow]<\/a>\n\t\t\n\t<\/div>\n\t\t\t<!-- Thumbnails -->\n\t\t\t\t<div id=\"ngg-image-0\" class=\"ngg-gallery-thumbnail-box\" >\n\t\t\t\t        <div class=\"ngg-gallery-thumbnail\">\n            <a href=\"https:\/\/bernhards-botanik.de\/wp-content\/gallery\/alpine-pflanzen\/Fr%C3%BChlingscrocus-Crocus-albiflorus.JPG\"\n               title=\"Fr\u00fchlingscrocus Crocus albiflorus\"\n               data-src=\"https:\/\/bernhards-botanik.de\/wp-content\/gallery\/alpine-pflanzen\/Fr%C3%BChlingscrocus-Crocus-albiflorus.JPG\"\n               data-thumbnail=\"https:\/\/bernhards-botanik.de\/wp-content\/gallery\/alpine-pflanzen\/thumbs\/thumbs_Fr%C3%BChlingscrocus-Crocus-albiflorus.JPG\"\n               data-image-id=\"441\"\n               data-title=\"Fr\u00fchlingscrocus Crocus albiflorus\"\n               data-description=\"Fr\u00fchlingscrocus Crocus albiflorus\"\n               data-image-slug=\"fr%c3%bchlingscrocus-crocus-albiflorus\"\n               class=\"ngg-fancybox\" rel=\"c9de1ea65774fe78ac7db73d43eb983c\">\n                <img\n                    title=\"Fr\u00fchlingscrocus Crocus albiflorus\"\n                    alt=\"Fr\u00fchlingscrocus Crocus albiflorus\"\n                    src=\"https:\/\/bernhards-botanik.de\/wp-content\/gallery\/alpine-pflanzen\/thumbs\/thumbs_Fr%C3%BChlingscrocus-Crocus-albiflorus.JPG\"\n                    width=\"120\"\n                    height=\"90\"\n                    style=\"max-width:100%;\"\n                \/>\n            <\/a>\n        <\/div>\n\t\t\t\t\t\t\t<\/div> \n\t\t\t\n        \n\t\t\t\t<div id=\"ngg-image-1\" class=\"ngg-gallery-thumbnail-box\" >\n\t\t\t\t        <div class=\"ngg-gallery-thumbnail\">\n            <a href=\"https:\/\/bernhards-botanik.de\/wp-content\/gallery\/alpine-pflanzen\/Steinbrech-Saxifraga-oppositifolia2.JPG\"\n               title=\"Steinbrech, Saxifraga oppositifolia\"\n               data-src=\"https:\/\/bernhards-botanik.de\/wp-content\/gallery\/alpine-pflanzen\/Steinbrech-Saxifraga-oppositifolia2.JPG\"\n               data-thumbnail=\"https:\/\/bernhards-botanik.de\/wp-content\/gallery\/alpine-pflanzen\/thumbs\/thumbs_Steinbrech-Saxifraga-oppositifolia2.JPG\"\n               data-image-id=\"442\"\n               data-title=\"Steinbrech, Saxifraga oppositifolia\"\n               data-description=\"Steinbrech, Saxifraga oppositifolia\"\n               data-image-slug=\"steinbrech-saxifraga-oppositifolia2\"\n               class=\"ngg-fancybox\" rel=\"c9de1ea65774fe78ac7db73d43eb983c\">\n                <img\n                    title=\"Steinbrech, Saxifraga oppositifolia\"\n                    alt=\"Steinbrech, Saxifraga oppositifolia\"\n                    src=\"https:\/\/bernhards-botanik.de\/wp-content\/gallery\/alpine-pflanzen\/thumbs\/thumbs_Steinbrech-Saxifraga-oppositifolia2.JPG\"\n                    width=\"120\"\n                    height=\"90\"\n                    style=\"max-width:100%;\"\n                \/>\n            <\/a>\n        <\/div>\n\t\t\t\t\t\t\t<\/div> \n\t\t\t\n        \n\t\t\t\t<div id=\"ngg-image-2\" class=\"ngg-gallery-thumbnail-box\" >\n\t\t\t\t        <div class=\"ngg-gallery-thumbnail\">\n            <a href=\"https:\/\/bernhards-botanik.de\/wp-content\/gallery\/alpine-pflanzen\/Calceolaria-darwinii-Pantoffelblume.JPG\"\n               title=\"Calceolaria darwinii Pantoffelblume Argentinien\"\n               data-src=\"https:\/\/bernhards-botanik.de\/wp-content\/gallery\/alpine-pflanzen\/Calceolaria-darwinii-Pantoffelblume.JPG\"\n               data-thumbnail=\"https:\/\/bernhards-botanik.de\/wp-content\/gallery\/alpine-pflanzen\/thumbs\/thumbs_Calceolaria-darwinii-Pantoffelblume.JPG\"\n               data-image-id=\"456\"\n               data-title=\"Calceolaria darwinii Pantoffelblume Argentinien\"\n               data-description=\"Calceolaria darwinii Pantoffelblume Argentinien\"\n               data-image-slug=\"calceolaria-darwinii-pantoffelblume\"\n               class=\"ngg-fancybox\" rel=\"c9de1ea65774fe78ac7db73d43eb983c\">\n                <img\n                    title=\"Calceolaria darwinii Pantoffelblume Argentinien\"\n                    alt=\"Calceolaria darwinii Pantoffelblume Argentinien\"\n                    src=\"https:\/\/bernhards-botanik.de\/wp-content\/gallery\/alpine-pflanzen\/thumbs\/thumbs_Calceolaria-darwinii-Pantoffelblume.JPG\"\n                    width=\"120\"\n                    height=\"90\"\n                    style=\"max-width:100%;\"\n                \/>\n            <\/a>\n        <\/div>\n\t\t\t\t\t\t\t<\/div> \n\t\t\t\n        \n\t\t\t\t<div id=\"ngg-image-3\" class=\"ngg-gallery-thumbnail-box\" >\n\t\t\t\t        <div class=\"ngg-gallery-thumbnail\">\n            <a href=\"https:\/\/bernhards-botanik.de\/wp-content\/gallery\/alpine-pflanzen\/Androsace-hausmannii-Mannsschild.JPG\"\n               title=\"Androsace hausmannii Mannsschild\"\n               data-src=\"https:\/\/bernhards-botanik.de\/wp-content\/gallery\/alpine-pflanzen\/Androsace-hausmannii-Mannsschild.JPG\"\n               data-thumbnail=\"https:\/\/bernhards-botanik.de\/wp-content\/gallery\/alpine-pflanzen\/thumbs\/thumbs_Androsace-hausmannii-Mannsschild.JPG\"\n               data-image-id=\"457\"\n               data-title=\"Androsace hausmannii Mannsschild\"\n               data-description=\"Androsace hausmannii Mannsschild\"\n               data-image-slug=\"androsace-hausmannii-mannsschild\"\n               class=\"ngg-fancybox\" rel=\"c9de1ea65774fe78ac7db73d43eb983c\">\n                <img\n                    title=\"Androsace hausmannii Mannsschild\"\n                    alt=\"Androsace hausmannii Mannsschild\"\n                    src=\"https:\/\/bernhards-botanik.de\/wp-content\/gallery\/alpine-pflanzen\/thumbs\/thumbs_Androsace-hausmannii-Mannsschild.JPG\"\n                    width=\"120\"\n                    height=\"90\"\n                    style=\"max-width:100%;\"\n                \/>\n            <\/a>\n        <\/div>\n\t\t\t\t\t\t\t<\/div> \n\t\t\t\n        \n\t\t\t\t<div id=\"ngg-image-4\" class=\"ngg-gallery-thumbnail-box\" >\n\t\t\t\t        <div class=\"ngg-gallery-thumbnail\">\n            <a href=\"https:\/\/bernhards-botanik.de\/wp-content\/gallery\/alpine-pflanzen\/Draba-imbricata-Hungerbl%C3%BCmchen.JPG\"\n               title=\"Draba bryoides var. imbricata Hungerbl\u00fcmchen\"\n               data-src=\"https:\/\/bernhards-botanik.de\/wp-content\/gallery\/alpine-pflanzen\/Draba-imbricata-Hungerbl%C3%BCmchen.JPG\"\n               data-thumbnail=\"https:\/\/bernhards-botanik.de\/wp-content\/gallery\/alpine-pflanzen\/thumbs\/thumbs_Draba-imbricata-Hungerbl%C3%BCmchen.JPG\"\n               data-image-id=\"458\"\n               data-title=\"Draba bryoides var. imbricata Hungerbl\u00fcmchen\"\n               data-description=\"Draba bryoides var. imbricata Hungerbl\u00fcmchen\"\n               data-image-slug=\"draba-imbricata-hungerbl%c3%bcmchen\"\n               class=\"ngg-fancybox\" rel=\"c9de1ea65774fe78ac7db73d43eb983c\">\n                <img\n                    title=\"Draba bryoides var. imbricata Hungerbl\u00fcmchen\"\n                    alt=\"Draba bryoides var. imbricata Hungerbl\u00fcmchen\"\n                    src=\"https:\/\/bernhards-botanik.de\/wp-content\/gallery\/alpine-pflanzen\/thumbs\/thumbs_Draba-imbricata-Hungerbl%C3%BCmchen.JPG\"\n                    width=\"120\"\n                    height=\"90\"\n                    style=\"max-width:100%;\"\n                \/>\n            <\/a>\n        <\/div>\n\t\t\t\t\t\t\t<\/div> \n\t\t\t\n        \n\t\t\t\t<div id=\"ngg-image-5\" class=\"ngg-gallery-thumbnail-box\" >\n\t\t\t\t        <div class=\"ngg-gallery-thumbnail\">\n            <a href=\"https:\/\/bernhards-botanik.de\/wp-content\/gallery\/alpine-pflanzen\/Cassiope-tetragona-Schuppenheide.JPG\"\n               title=\"Cassiope tetragona Schuppenheide\"\n               data-src=\"https:\/\/bernhards-botanik.de\/wp-content\/gallery\/alpine-pflanzen\/Cassiope-tetragona-Schuppenheide.JPG\"\n               data-thumbnail=\"https:\/\/bernhards-botanik.de\/wp-content\/gallery\/alpine-pflanzen\/thumbs\/thumbs_Cassiope-tetragona-Schuppenheide.JPG\"\n               data-image-id=\"459\"\n               data-title=\"Cassiope tetragona Schuppenheide\"\n               data-description=\"Cassiope tetragona Schuppenheide\"\n               data-image-slug=\"cassiope-tetragona-schuppenheide\"\n               class=\"ngg-fancybox\" rel=\"c9de1ea65774fe78ac7db73d43eb983c\">\n                <img\n                    title=\"Cassiope tetragona Schuppenheide\"\n                    alt=\"Cassiope tetragona Schuppenheide\"\n                    src=\"https:\/\/bernhards-botanik.de\/wp-content\/gallery\/alpine-pflanzen\/thumbs\/thumbs_Cassiope-tetragona-Schuppenheide.JPG\"\n                    width=\"120\"\n                    height=\"90\"\n                    style=\"max-width:100%;\"\n                \/>\n            <\/a>\n        <\/div>\n\t\t\t\t\t\t\t<\/div> \n\t\t\t\n        \n\t\t\n\t\t<!-- Pagination -->\n\t<div class='ngg-clear'><\/div>\t<\/div>\n\n","protected":false},"excerpt":{"rendered":"<p>Was w\u00e4ren die Alpen ohne ihren Blumenschmuck. Die Bl\u00fctenf\u00fclle alpiner Matten, Bergwiesen und Felsfluren m\u00f6chte ich mit meinen Bildern dem Naturfreund n\u00e4her bringen. Faszinierend ist auch die Farbenpracht und der \u00dcberlebenskampf dieser Pflanzen, die unsere Achtung verdienen.<\/p>\n","protected":false},"author":2,"featured_media":0,"parent":5,"menu_order":0,"comment_status":"closed","ping_status":"closed","template":"","meta":{"ngg_post_thumbnail":0},"_links":{"self":[{"href":"https:\/\/bernhards-botanik.de\/index.php?rest_route=\/wp\/v2\/pages\/1000"}],"collection":[{"href":"https:\/\/bernhards-botanik.de\/index.php?rest_route=\/wp\/v2\/pages"}],"about":[{"href":"https:\/\/bernhards-botanik.de\/index.php?rest_route=\/wp\/v2\/types\/page"}],"author":[{"embeddable":true,"href":"https:\/\/bernhards-botanik.de\/index.php?rest_route=\/wp\/v2\/users\/2"}],"replies":[{"embeddable":true,"href":"https:\/\/bernhards-botanik.de\/index.php?rest_route=%2Fwp%2Fv2%2Fcomments&post=1000"}],"version-history":[{"count":2,"href":"https:\/\/bernhards-botanik.de\/index.php?rest_route=\/wp\/v2\/pages\/1000\/revisions"}],"predecessor-version":[{"id":1003,"href":"https:\/\/bernhards-botanik.de\/index.php?rest_route=\/wp\/v2\/pages\/1000\/revisions\/1003"}],"up":[{"embeddable":true,"href":"https:\/\/bernhards-botanik.de\/index.php?rest_route=\/wp\/v2\/pages\/5"}],"wp:attachment":[{"href":"https:\/\/bernhards-botanik.de\/index.php?rest_route=%2Fwp%2Fv2%2Fmedia&parent=1000"}],"curies":[{"name":"wp","href":"https:\/\/api.w.org\/{rel}","templated":true}]}}