{"id":101,"date":"2011-03-11T16:59:24","date_gmt":"2011-03-11T16:59:24","guid":{"rendered":"http:\/\/bernhards-botanik.de\/?page_id=101"},"modified":"2011-12-26T18:42:07","modified_gmt":"2011-12-26T18:42:07","slug":"links","status":"publish","type":"page","link":"https:\/\/bernhards-botanik.de\/?page_id=101","title":{"rendered":"Links"},"content":{"rendered":"<p>Folgend einige Links zu interessanten Pflanzenseiten.<\/p>\n<p><strong>Rechtsbelehrung und Haftungsausschluss:<\/strong><\/p>\n<p>Trotz sorgf\u00e4ltiger inhaltlicher Kontrolle \u00fcbernehme ich keine Haftung f\u00fcr die Inhalte externer Links. F\u00fcr den Inhalt der verlinkten Seiten sind ausschlie\u00dflich deren Betreiber verantwortlich und nicht derjenige, der \u00fcber Link auf die jeweilige Ver\u00f6ffentlichung verweist!<\/p>\n<ul>\n<li>Fotoarbeitskreis VHS Karlstadt im DVF (Deutscher Verband<br \/>\nf\u00fcr Fotografie e.V.) <a href=\"http:\/\/www.fotoak-karlstadt.de\">www.fotoak-karlstadt.de<\/a><\/li>\n<li>Naturfotografie Wolfgang Piepers <a href=\"http:\/\/www.wpiepers.de\">www.wpiepers.de<\/a><\/li>\n<li>Hobbyfotograf und -maler Edmar Rothaug aus Retzstadt<br \/>\n&#8222;Retztal &#8211; eine Landschaft in Bildern&#8220; <a href=\"http:\/\/www.rothaug.org\/photoblog\">www.rothaug.org\/photoblog<\/a><\/li>\n<li>Gesellschaft der Staudenfreunde e.V. <a href=\"http:\/\/www.gds-staudenfreunde.de\">www.gds-staudenfreunde.de<\/a><\/li>\n<\/ul>\n","protected":false},"excerpt":{"rendered":"<p>Folgend einige Links zu interessanten Pflanzenseiten. Rechtsbelehrung und Haftungsausschluss: Trotz sorgf\u00e4ltiger inhaltlicher Kontrolle \u00fcbernehme ich keine Haftung f\u00fcr die Inhalte externer Links. F\u00fcr den Inhalt der verlinkten Seiten sind ausschlie\u00dflich deren Betreiber verantwortlich und nicht derjenige, der \u00fcber Link auf &hellip; <a href=\"https:\/\/bernhards-botanik.de\/?page_id=101\">Weiterlesen<\/a><\/p>\n","protected":false},"author":1,"featured_media":0,"parent":0,"menu_order":6,"comment_status":"closed","ping_status":"closed","template":"","meta":{"ngg_post_thumbnail":0},"_links":{"self":[{"href":"https:\/\/bernhards-botanik.de\/index.php?rest_route=\/wp\/v2\/pages\/101"}],"collection":[{"href":"https:\/\/bernhards-botanik.de\/index.php?rest_route=\/wp\/v2\/pages"}],"about":[{"href":"https:\/\/bernhards-botanik.de\/index.php?rest_route=\/wp\/v2\/types\/page"}],"author":[{"embeddable":true,"href":"https:\/\/bernhards-botanik.de\/index.php?rest_route=\/wp\/v2\/users\/1"}],"replies":[{"embeddable":true,"href":"https:\/\/bernhards-botanik.de\/index.php?rest_route=%2Fwp%2Fv2%2Fcomments&post=101"}],"version-history":[{"count":7,"href":"https:\/\/bernhards-botanik.de\/index.php?rest_route=\/wp\/v2\/pages\/101\/revisions"}],"predecessor-version":[{"id":106,"href":"https:\/\/bernhards-botanik.de\/index.php?rest_route=\/wp\/v2\/pages\/101\/revisions\/106"}],"wp:attachment":[{"href":"https:\/\/bernhards-botanik.de\/index.php?rest_route=%2Fwp%2Fv2%2Fmedia&parent=101"}],"curies":[{"name":"wp","href":"https:\/\/api.w.org\/{rel}","templated":true}]}}